{"id":4702,"date":"2023-06-29T00:46:05","date_gmt":"2023-06-29T00:46:05","guid":{"rendered":"https:\/\/mundopsp.cl\/?post_type=product&#038;p=4702"},"modified":"2024-08-01T03:41:18","modified_gmt":"2024-08-01T03:41:18","slug":"como-aprender-a-estudiar-y-como-estudiar-para-aprender-teorico","status":"publish","type":"product","link":"https:\/\/mundopsp.cl\/index.php\/producto\/como-aprender-a-estudiar-y-como-estudiar-para-aprender-teorico\/","title":{"rendered":"Como aprender a estudiar y como estudiar para aprender &#8211; TE\u00d3RICO"},"content":{"rendered":"<p><strong>\u00bfSent\u00eds que no sab\u00e9s estudiar?<\/strong><\/p>\n<p>\u00bfQu\u00e9 no sab\u00e9s prepararte para tus ex\u00e1menes?<\/p>\n<p>\u00bfCre\u00e9s que est\u00e1s desorganizado y que no te alcanza el tiempo?<\/p>\n<p>\u00bfLa tecnolog\u00eda te distrae y no sab\u00e9s c\u00f3mo usarla para el estudio?<\/p>\n<p>\u00bfTe cuesta comprender textos o interpretar consignas?<\/p>\n<p><strong>\u00a1Este libro es para vos!<\/strong><\/p>\n<p>Estudiar es un arte que requiere de mucho tiempo y esfuerzo. No hay recetas m\u00e1gicas, pero si segu\u00eds algunos pasos, seguro pod\u00e9s mejorar tu rendimiento y aprovechar mejor tu tiempo.<\/p>\n<p>Todos somos diferentes y a la hora de estudiar tambi\u00e9n. Cada uno de nosotros aprende de manera diversa conforme a nuestras caracter\u00edsticas y es necesario potenciar nuestras habilidades para poder estudiar para aprender. Para eso, te proponemos aprender a estudiar para que optimices tu tiempo, obtengas mejores resultados y disfrutes tu escolaridad.<\/p>\n<p><strong>\u00a1No est\u00e1s solo!<\/strong><\/p>\n<p><strong>Si lo desea puede ver p\u00e1ginas interiores de la obra<\/strong>:<\/p>\n<p><strong>\u00bfSent\u00eds que no sab\u00e9s estudiar?<\/strong><\/p>\n<p>\u00bfQu\u00e9 no sab\u00e9s prepararte para tus ex\u00e1menes?<\/p>\n<p>\u00bfCre\u00e9s que est\u00e1s desorganizado y que no te alcanza el tiempo?<\/p>\n<p>\u00bfLa tecnolog\u00eda te distrae y no sab\u00e9s c\u00f3mo usarla para el estudio?<\/p>\n<p>\u00bfTe cuesta comprender textos o interpretar consignas?<\/p>\n<p><strong>\u00a1Este libro es para vos!<\/strong><\/p>\n<p>Estudiar es un arte que requiere de mucho tiempo y esfuerzo. No hay recetas m\u00e1gicas, pero si segu\u00eds algunos pasos, seguro pod\u00e9s mejorar tu rendimiento y aprovechar mejor tu tiempo.<\/p>\n<p>Todos somos diferentes y a la hora de estudiar tambi\u00e9n. Cada uno de nosotros aprende de manera diversa conforme a nuestras caracter\u00edsticas y es necesario potenciar nuestras habilidades para poder estudiar para aprender. Para eso, te proponemos aprender a estudiar para que optimices tu tiempo, obtengas mejores resultados y disfrutes tu escolaridad.<\/p>\n<p><strong>\u00a1No est\u00e1s solo!<\/strong><\/p>\n<p><strong>Si lo desea puede ver p\u00e1ginas interiores de la obra<\/strong>:<\/p>\n<p>&nbsp;<\/p>\n<p>&nbsp;<\/p>\n","protected":false},"excerpt":{"rendered":"<p>Dirigido a los estudiantes; y a los Psicopedagogos, docentes y padres que transitan la dif\u00edcil tarea de ense\u00f1ar a estudiar.<\/p>\n","protected":false},"featured_media":7677,"template":"","meta":[],"product_brand":[],"product_cat":[54],"product_tag":[],"class_list":{"0":"post-4702","1":"product","2":"type-product","3":"status-publish","4":"has-post-thumbnail","6":"product_cat-libros","8":"first","9":"instock","10":"shipping-taxable","11":"purchasable","12":"product-type-simple"},"_links":{"self":[{"href":"https:\/\/mundopsp.cl\/index.php\/wp-json\/wp\/v2\/product\/4702","targetHints":{"allow":["GET"]}}],"collection":[{"href":"https:\/\/mundopsp.cl\/index.php\/wp-json\/wp\/v2\/product"}],"about":[{"href":"https:\/\/mundopsp.cl\/index.php\/wp-json\/wp\/v2\/types\/product"}],"wp:featuredmedia":[{"embeddable":true,"href":"https:\/\/mundopsp.cl\/index.php\/wp-json\/wp\/v2\/media\/7677"}],"wp:attachment":[{"href":"https:\/\/mundopsp.cl\/index.php\/wp-json\/wp\/v2\/media?parent=4702"}],"wp:term":[{"taxonomy":"product_brand","embeddable":true,"href":"https:\/\/mundopsp.cl\/index.php\/wp-json\/wp\/v2\/product_brand?post=4702"},{"taxonomy":"product_cat","embeddable":true,"href":"https:\/\/mundopsp.cl\/index.php\/wp-json\/wp\/v2\/product_cat?post=4702"},{"taxonomy":"product_tag","embeddable":true,"href":"https:\/\/mundopsp.cl\/index.php\/wp-json\/wp\/v2\/product_tag?post=4702"}],"curies":[{"name":"wp","href":"https:\/\/api.w.org\/{rel}","templated":true}]}}